{"id":283,"date":"2018-06-26T06:26:36","date_gmt":"2018-06-26T06:26:36","guid":{"rendered":"https:\/\/regenbogenpony.ch\/?page_id=283"},"modified":"2022-08-18T07:30:19","modified_gmt":"2022-08-18T07:30:19","slug":"integrative-pony-therapie","status":"publish","type":"page","link":"https:\/\/regenbogenpony.ch\/?page_id=283","title":{"rendered":"Integrative Pony-Therapie"},"content":{"rendered":"<p><span style=\"font-size: 24pt;\"><strong>Integrative Pony-Therapie<\/strong><\/span><\/p>\n<p>In der integrativen Pony-Therapiestunde, steht die k\u00f6rperliche und geistige F\u00f6rderung nach der Individualpsychologie von Alfred Adler im Mittelpunkt. Es umfasst p\u00e4dagogische , integrative und psychologische Massnahmen. Dabei begleite ich die Kinder mit seelischen , k\u00f6rperlichen und sozialen Entwicklungsst\u00f6rungen, wie zum Beispiel &nbsp;bei Lern- und Aufmerksamkeitsdefizit, ADS, ADHS, grob und fein motorische Defizite usw..<\/p>\n<p>&nbsp;<\/p>\n<p>Kosten: auf Anfrage<\/p>\n","protected":false},"excerpt":{"rendered":"<p>Integrative Pony-Therapie In der integrativen Pony-Therapiestunde, steht die k\u00f6rperliche und geistige F\u00f6rderung nach der Individualpsychologie von Alfred Adler im Mittelpunkt. Es umfasst [&hellip;]<\/p>\n","protected":false},"author":1,"featured_media":0,"parent":29,"menu_order":0,"comment_status":"closed","ping_status":"closed","template":"","meta":{"ngg_post_thumbnail":0,"footnotes":""},"class_list":["post-283","page","type-page","status-publish","hentry"],"_links":{"self":[{"href":"https:\/\/regenbogenpony.ch\/index.php?rest_route=\/wp\/v2\/pages\/283","targetHints":{"allow":["GET"]}}],"collection":[{"href":"https:\/\/regenbogenpony.ch\/index.php?rest_route=\/wp\/v2\/pages"}],"about":[{"href":"https:\/\/regenbogenpony.ch\/index.php?rest_route=\/wp\/v2\/types\/page"}],"author":[{"embeddable":true,"href":"https:\/\/regenbogenpony.ch\/index.php?rest_route=\/wp\/v2\/users\/1"}],"replies":[{"embeddable":true,"href":"https:\/\/regenbogenpony.ch\/index.php?rest_route=%2Fwp%2Fv2%2Fcomments&post=283"}],"version-history":[{"count":8,"href":"https:\/\/regenbogenpony.ch\/index.php?rest_route=\/wp\/v2\/pages\/283\/revisions"}],"predecessor-version":[{"id":855,"href":"https:\/\/regenbogenpony.ch\/index.php?rest_route=\/wp\/v2\/pages\/283\/revisions\/855"}],"up":[{"embeddable":true,"href":"https:\/\/regenbogenpony.ch\/index.php?rest_route=\/wp\/v2\/pages\/29"}],"wp:attachment":[{"href":"https:\/\/regenbogenpony.ch\/index.php?rest_route=%2Fwp%2Fv2%2Fmedia&parent=283"}],"curies":[{"name":"wp","href":"https:\/\/api.w.org\/{rel}","templated":true}]}}